is -1 - -212?
211
In base 2, what is 10010001100 - 10?
10010001010
In base 8, what is -72 + -426?
-520
In base 11, what is 2 + -52?
-50
In base 4, what is 1332 - 0?
1332
In base 4, what is 2002 + -3?
1333
In base 14, what is 5 + 39?
40
In base 6, what is -1 + -30511?
-30512
In base 12, what is 5 - 28?
-23
In base 4, what is -1302233 - 0?
-1302233
In base 9, what is -4 + 72?
67
In base 7, what is -1400 - 10?
-1410
In base 16, what is -101 + 3?
-fe
In base 3, what is -1100220221 + 12?
-1100220202
In base 7, what is 2 + -235?
-233
In base 3, what is 2120 + -10?
2110
In base 10, what is 3303 + -4?
3299
In base 4, what is 10 + -120?
-110
In base 2, what is 1110101 - -1010101?
11001010
In base 4, what is -220 - -1021?
201
In base 4, what is -23221 - -11?
-23210
In base 9, what is -141 + -1?
-142
In base 14, what is -1c - 8?
-26
In base 8, what is -75 + -4?
-101
In base 9, what is 0 + -207?
-207
In base 9, what is 101 + 7?
108
In base 5, what is 0 + 13?
13
In base 7, what is 660 + 2?
662
In base 15, what is -bc - 4?
-c1
In base 12, what is 4a + 4?
52
In base 16, what is 1ec + 54?
240
In base 10, what is -7267 + 0?
-7267
In base 4, what is -2 + 310?
302
In base 9, what is -1 + 8016?
8015
In base 2, what is -101 + -1?
-110
In base 4, what is 130 + 322?
1112
In base 12, what is a - 442?
-434
In base 15, what is 1b - a?
11
In base 15, what is 12 - -4?
16
In base 15, what is -e - e2?
-101
In base 6, what is -5 - -310?
301
In base 5, what is 31 - 33?
-2
In base 14, what is 104 + -6?
dc
In base 10, what is 15 - -13?
28
In base 3, what is 1211 + -2?
1202
In base 4, what is -23 + 2112?
2023
In base 14, what is -202 - -4?
-1dc
In base 3, what is -100 - -201122?
201022
In base 15, what is 431 - -2?
433
In base 7, what is 0 - -20540?
20540
In base 10, what is 4 + -2316?
-2312
In base 13, what is 2 - 199?
-197
In base 10, what is 87 - 7?
80
In base 13, what is -230 + -a?
-23a
In base 2, what is 1001010 + -1?
1001001
In base 2, what is -10110000 - 111?
-10110111
In base 5, what is -4302 - 1?
-4303
In base 15, what is 7 - 24?
-1c
In base 11, what is 8199 - 1?
8198
In base 4, what is 2 - -3101?
3103
In base 13, what is -3 - -132?
12c
In base 4, what is -3 + -21102?
-21111
In base 2, what is -110001 - 1011?
-111100
In base 10, what is -2 + 15?
13
In base 6, what is -2 - 1555?
-2001
In base 6, what is -223503 - -3?
-223500
In base 9, what is 1007 - -13?
1021
In base 8, what is -114 - 4?
-120
In base 9, what is 2 + 4?
6
In base 2, what is 101 - 10001010100000?
-10001010011011
In base 15, what is 27 + 20?
47
In base 11, what is 89 + 5?
93
In base 2, what is -100111101 - 100?
-101000001
In base 4, what is 201 + -12?
123
In base 6, what is 1034 + 12?
1050
In base 9, what is 104 - -28?
133
In base 10, what is -1620 + 0?
-1620
In base 14, what is 3 - -215?
218
In base 13, what is 10 - -75a?
76a
In base 9, what is 16 + 11?
27
In base 6, what is 21 + 535?
1000
In base 14, what is b - -7?
14
In base 11, what is 3 - 25?
-22
In base 16, what is 7 + 44?
4b
In base 16, what is -476 + 2?
-474
In base 13, what is -1 - 7bb?
-7bc
In base 3, what is 11 + -10110?
-10022
In base 12, what is 49 + 28?
75
In base 2, what is -111101110 + 0?
-111101110
In base 15, what is -78c + e?
-77d
In base 4, what is 3 + 10?
13
In base 9, what is -4 + 244?
240
In base 4, what is 31 + 10?
101
In base 5, what is -200 - -1?
-144
In base 7, what is 3 + -14?
-11
In base 8, what is -41 - -203?
142
In base 16, what is -db + 5?
-d6
In base 14, what is 30 - 4?
2a
In base 12, what is -1 - 1?
-2
In base 6, what is 4352 + -1?
4351
In base 7, what is -3 + -22?
-25
In base 14, what is 2 - 30?
-2c
In base 13, what is -a - 13?
-20
In base 9, what is -512 + 7?
-504
In base 7, what is -3 + 43?
40
In base 12, what is 4 - 327?
-323
In base 6, what is 234 + -12?
222
In base 2, what is 101011 + 11111100?
100100111
In base 14, what is -4 + -1c0?
-1c4
In base 7, what is -5 - 140?
-145
In base 15, what is 92 + -106?
-64
In base 4, what is 113 + 201?
320
In base 3, what is 20121 + 10100?
100221
In base 6, what is 11 + -31?
-20
In base 13, what is -203 + -11?
-214
In base 10, what is -27 - -24?
-3
In base 2, what is -1111 + -100?
-10011
In base 15, what is 3 - -186?
189
In base 2, what is 101 + -10110?
-10001
In base 10, what is 65 + 4?
69
In base 9, what is -37 + -1?
-38
In base 15, what is 3 + -35?
-32
In base 7, what is 13103 - -5?
13111
In base 2, what is -11 + -1110011010?
-1110011101
In base 5, what is -12 + 220?
203
In base 6, what is -22 + -10?
-32
In base 12, what is -4 - 33?
-37
In base 8, what is -4602 - 5?
-4607
In base 9, what is -51 + 3?
-47
In base 11, what is -2 - 583?
-585
In base 11, what is 2 - -62?
64
In base 13, what is -2 + -394?
-396
In base 3, what is 111022 + 1?
111100
In base 11, what is -45a6 - 4?
-45aa
In base 11, what is 20 + -12?
9
In base 13, what is 0 - -64?
64
In base 6, what is -3 - 34?
-41
In base 10, what is -4 + 635?
631
In base 12, what is 208 - 0?
208
In base 16, what is 11d - -2?
11f
In base 8, what is 43 - 14?
27
In base 15, what is 2a8 - 4?
2a4
In base 8, what is -21 + -674?
-715
In base 2, what is -1 + 110001?
110000
In base 10, what is 4799 + 0?
4799
In base 15, what is -187 - -4?
-183
In base 2, what is 10101 - -1101?
100010
In base 8, what is 2127 + -1?
2126
In base 16, what is 16cd + 1?
16ce
In base 5, what is 24043 - 0?
24043
In base 9, what is 60826 - 1?
60825
In base 8, what is -650 + -14?
-664
In base 7, what is 4 - -1005?
1012
In base 9, what is 467 - 5?
462
In base 3, what is 1 + 2201?
2202
In base 7, what is -1610 - 4?
-1614
In base 3, what is -212 - 0?
-212
In base 13, what is -3 + 41?
3b
In base 4, what is -2322 - 2?
-2330
In base 12, what is -154 + -a1?
-235
In base 4, what is 1020 + -23?
331
In base 13, what is 1c - -18?
37
In base 11, what is -11 - 47?
-58
In base 5, what is 401 - -10?
411
In base 15, what is -3267 - 4?
-326b
In base 5, what is -11 - 441?
-1002
In base 12, what is -6 + 26?
20
In base 8, what is 32 - 1?
31
In base 7, what is 2015 - 3?
2012
In base 8, what is 3 - 3?
0
In base 2, what is -100000 - -1111000?
1011000
In base 6, what is 4 - 20215?
-20211
In base 14, what is 2 + -1a?
-18
In base 11, what is -9 - -2?
-7
In base 12, what is 4 - -136?
13a
In base 6, what is -4 + -22?
-30
In base 8, what is -1 - -320?
317
In base 9, what is 6033 - -2?
6035
In base 5, what is -10 + 4241?
4231
In base 12, what is -1 - 1298?
-1299
In base 7, what is 1501 - 15?
1453
In base 15, what is 6b6 + -2?
6b4
In base 13, what is -37 + 7?
-30
In base 13, what is 9 - -c0?
c9
In base 8, what is -160 + -26?
-206
In base 10, what is 17 + 2203?
2220
In base 2, what is -100111110 - -101011?
-100010011
In base 7, what is 0 + -134?
-134
In base 5, what is 0 + 2134?
2134
In base 7, what is -3404 + -2?
-3406
In base 2, what is -10 + -111110?
-1000000
In base 15, what is -5d - -2?
-5b
In base 4, what is -1 - 300212?
-300213
In base 14, what is 7 - -29?
32
In base 4, what is 1013 + 10?
1023
In base 12, what is 3 + 127?
12a
In base 10, what is -836 - 2?
-838
In base 9, what is 0 - 226?
-226
In base 13, what is -2 - -13b?
139
In base 15, what is -10 + 2?
-d
In base 12, what is 8a + 1?
8b
In base 7, what is 0 + -326?
-326
In base 11, what is 14 - -219?
232
In base 8, what is -3 + 132?
127
In base 9, what is -4134 - 5?
-4140
In base 12, what is -585 - -4?
-581
In base 15, what is 2154 - 4?
2150
In base 16, what is -3 + 42?
3f
In base 12, what is 226 - -4?
22a
In base 7, what is 5324 - 0?
5324
In base 5, what is -3002231 - 4?
-3002240
In base 8, what is 42 - -14?
56
In base 16, what is 4 - 46?
-42
In base 6, what is -4 + -42501?
-42505
In base 15, what is e + -1a?
-b
In base 7, what is -5 + -25?
-33
In base 16, what is 5 + 6e?
73
In base 16, what is -5 - -30?
2b
In base 16, what is -41 - 3?
-44
In base 10, what is -4 + 216?
212
In base 6, what is -14255 - 2?
-14301
In base 14, what is 3 - -234?
237
In base 14, what is 4 + -3?
1
In base 12, what is -69 + -2?
-6b
In base 3, what is 1120 - -212?
2102
In base 11, what is -75 + 216?
151
In base 14, what is -2 + 2d9?
2d7
In base 14, what is 156 + 5?
15b
In base 13, what is 4 - 72?
-6b
In base 12, what is -55 - -192?
139
In base 2, what is -10001 - -1011?
-110
In base 5, what is -1 + 113104?
113103
In base 8, what is -110506 + 5?
-110501
In base 16, 